divided by 20.
17
Calculate the remainder when 100 is divided by 26.
22
What is the remainder when 3891 is divided by 59?
56
Calculate the remainder when 1593 is divided by 14.
11
What is the remainder when 102 is divided by 72?
30
What is the remainder when 994 is divided by 41?
10
Calculate the remainder when 114 is divided by 9.
6
Calculate the remainder when 425 is divided by 2.
1
What is the remainder when 1215 is divided by 32?
31
Calculate the remainder when 1948 is divided by 178.
168
What is the remainder when 550 is divided by 182?
4
What is the remainder when 868 is divided by 10?
8
Calculate the remainder when 1846 is divided by 17.
10
Calculate the remainder when 43 is divided by 26.
17
Calculate the remainder when 70 is divided by 20.
10
What is the remainder when 297 is divided by 10?
7
What is the remainder when 1628 is divided by 813?
2
Calculate the remainder when 249 is divided by 25.
24
What is the remainder when 1282 is divided by 96?
34
Calculate the remainder when 126 is divided by 80.
46
Calculate the remainder when 168 is divided by 59.
50
What is the remainder when 3152 is divided by 30?
2
What is the remainder when 295 is divided by 58?
5
What is the remainder when 5455 is divided by 52?
47
Calculate the remainder when 2789 is divided by 309.
8
What is the remainder when 550 is divided by 37?
32
What is the remainder when 173 is divided by 29?
28
What is the remainder when 847 is divided by 17?
14
What is the remainder when 136 is divided by 7?
3
What is the remainder when 1175 is divided by 14?
13
What is the remainder when 154 is divided by 151?
3
Calculate the remainder when 5923 is divided by 75.
73
What is the remainder when 553 is divided by 171?
40
Calculate the remainder when 446 is divided by 52.
30
Calculate the remainder when 987 is divided by 8.
3
Calculate the remainder when 6161 is divided by 45.
41
What is the remainder when 228 is divided by 83?
62
What is the remainder when 1357 is divided by 10?
7
What is the remainder when 118 is divided by 20?
18
What is the remainder when 1103 is divided by 130?
63
What is the remainder when 255 is divided by 36?
3
Calculate the remainder when 4397 is divided by 83.
81
Calculate the remainder when 566 is divided by 115.
106
What is the remainder when 1805 is divided by 441?
41
Calculate the remainder when 5115 is divided by 43.
41
Calculate the remainder when 6495 is divided by 32.
31
What is the remainder when 491 is divided by 99?
95
What is the remainder when 311 is divided by 12?
11
What is the remainder when 159 is divided by 99?
60
Calculate the remainder when 14 is divided by 8.
6
What is the remainder when 1927 is divided by 59?
39
Calculate the remainder when 1073 is divided by 287.
212
Calculate the remainder when 19 is divided by 5.
4
Calculate the remainder when 85 is divided by 22.
19
What is the remainder when 186 is divided by 19?
15
What is the remainder when 61 is divided by 9?
7
What is the remainder when 210 is divided by 71?
68
What is the remainder when 130 is divided by 11?
9
What is the remainder when 37 is divided by 4?
1
Calculate the remainder when 1309 is divided by 52.
9
What is the remainder when 619 is divided by 48?
43
Calculate the remainder when 62 is divided by 13.
10
Calculate the remainder when 22 is divided by 5.
2
Calculate the remainder when 358 is divided by 108.
34
Calculate the remainder when 1148 is divided by 82.
0
Calculate the remainder when 2024 is divided by 226.
216
What is the remainder when 1478 is divided by 17?
16
What is the remainder when 335 is divided by 82?
7
Calculate the remainder when 150 is divided by 7.
3
What is the remainder when 641 is divided by 112?
81
What is the remainder when 125 is divided by 6?
5
What is the remainder when 983 is divided by 21?
17
What is the remainder when 679 is divided by 343?
336
Calculate the remainder when 5414 is divided by 14.
10
What is the remainder when 5011 is divided by 19?
14
Calculate the remainder when 954 is divided by 29.
26
Calculate the remainder when 87 is divided by 78.
9
What is the remainder when 1024 is divided by 57?
55
Calculate the remainder when 113 is divided by 17.
11
What is the remainder when 250 is divided by 103?
44
What is the remainder when 232 is divided by 63?
43
What is the remainder when 130 is divided by 19?
16
Calculate the remainder when 60 is divided by 13.
8
Calculate the remainder when 3 is divided by 2.
1
What is the remainder when 358 is divided by 60?
58
Calculate the remainder when 72 is divided by 9.
0
Calculate the remainder when 229 is divided by 73.
10
What is the remainder when 167 is divided by 153?
14
Calculate the remainder when 107 is divided by 50.
7
Calculate the remainder when 19151 is divided by 24.
23
What is the remainder when 9 is divided by 1?
0
What is the remainder when 11850 is divided by 18?
6
What is the remainder when 245 is divided by 19?
17
What is the remainder when 252 is divided by 15?
12
Calculate the remainder when 133 is divided by 64.
5
What is the remainder when 406 is divided by 202?
2
What is the remainder when 57 is divided by 50?
7
What is the remainder when 291 is divided by 59?
55
Calculate the remainder when 1622 is divided by 207.
173
What is the remainder when 26529 is divided by 198?
195
Calculate the remainder when 1918 is divided by 120.
118
Calculate the remainder when 330 is divided by 88.
66
Calculate the remainder when 308 is divided by 30.
8
Calculate the remainder when 588 is divided by 143.
16
Calculate the remainder when 2377 is divided by 58.
57
Calculate the remainder when 199 is divided by 191.
8
What is the remainder when 1309 is divided by 16?
13
What is the remainder when 390 is divided by 100?
90
What is the remainder when 367 is divided by 32?
15
Calculate the remainder when 602 is divided by 11.
8
Calculate the remainder when 17087 is divided by 16.
15
Calculate the remainder when 1076 is divided by 268.
4
Calculate the remainder when 1818 is divided by 101.
0
What is the remainder when 4533 is divided by 108?
105
What is the remainder when 867 is divided by 6?
3
Calculate the remainder when 284 is divided by 81.
41
What is the remainder when 104 is divided by 10?
4
What is the remainder when 611 is divided by 18?
17
What is the remainder when 189 is divided by 25?
14
Calculate the remainder when 381 is divided by 24.
21
Calculate the remainder when 100 is divided by 18.
10
What is the remainder when 384 is divided by 189?
6
Calculate the remainder when 3061 is divided by 35.
16
Calculate the remainder when 398 is divided by 40.
38
What is the remainder when 1676 is divided by 40?
36
Calculate the remainder when 985 is divided by 18.
13
What is the remainder when 1674 is divided by 128?
10
What is the remainder when 1079 is divided by 66?
23
What is the remainder when 4861 is divided by 2428?
5
Calculate the remainder when 717 is divided by 18.
15
What is the remainder when 94 is divided by 73?
21
Calculate the remainder when 85 is divided by 82.
3
What is the remainder when 213 is divided by 49?
17
What is the remainder when 2559 is divided by 80?
79
Calculate the remainder when 25 is divided by 20.
5
Calculate the remainder when 129 is divided by 13.
12
What is the remainder when 33 is divided by 6?
3
Calculate the remainder when 1347 is divided by 56.
3
Calculate the remainder when 324 is divided by 82.
78
Calculate the remainder when 701 is divided by 46.
11
What is the remainder when 10 is divided by 7?
3
Calculate the remainder when 438 is divided by 118.
84
What is the remainder when 748 is divided by 27?
19
What is the remainder when 229 is divided by 83?
63
Calculate the remainder when 360 is divided by 28.
24
What is the remainder when 167 is divided by 21?
20
Calculate the remainder when 169 is divided by 43.
40
Calculate the remainder when 1695 is divided by 281.
9
What is the remainder when 64 is divided by 55?
9
Calculate the remainder when 371 is divided by 104.
59
Calculate the remainder when 259 is divided by 54.
43
What is the remainder when 1619 is divided by 313?
54
Calculate the remainder when 143 is divided by 52.
39
What is the remainder when 545 is divided by 13?
12
Calculate the remainder when 437 is divided by 63.
59
Calculate the re